5510381?
43, 1163, 6709
List the prime factors of 82959892.
2, 41, 193, 2621
List the prime factors of 978679269.
3, 29, 31, 43, 97
List the prime factors of 1396625381.
19, 439, 167441
What are the prime factors of 5129673687?
3, 17, 89, 449, 839
What are the prime factors of 507646094?
2, 83, 331, 9239
List the prime factors of 16822135.
5, 11, 305857
List the prime factors of 132418780.
2, 5, 13, 17, 29959
List the prime factors of 1286035257.
3, 13, 32975263
List the prime factors of 2719752123.
3, 11, 17, 285179
List the prime factors of 1260594250.
2, 5, 757, 6661
What are the prime factors of 594965792?
2, 113, 137, 1201
List the prime factors of 50076951.
3, 17, 19, 51679
List the prime factors of 353947798.
2, 179, 988681
List the prime factors of 8400819534.
2, 3, 1583, 884483
What are the prime factors of 21135258?
2, 3, 19, 29, 2131
List the prime factors of 1866143.
1866143
List the prime factors of 7985550663.
3, 887283407
List the prime factors of 24274327.
7, 11, 315251
List the prime factors of 158238294.
2, 3, 26373049
List the prime factors of 812883548.
2, 41, 4956607
List the prime factors of 762772453.
31, 89, 276467
List the prime factors of 358073248.
2, 13, 860753
What are the prime factors of 1669584173?
12577, 132749
What are the prime factors of 1462799140?
2, 5, 11, 107, 62141
What are the prime factors of 369117990?
2, 3, 5, 151, 157, 173
What are the prime factors of 15538474?
2, 7, 1109891
What are the prime factors of 711345037?
13, 281, 194729
List the prime factors of 199610595.
3, 5, 131, 11287
What are the prime factors of 5168794260?
2, 3, 5, 7, 53, 89, 2609
List the prime factors of 47574145.
5, 41, 239, 971
What are the prime factors of 32067566?
2, 23, 697121
What are the prime factors of 1331820887?
1331820887
List the prime factors of 53005415.
5, 41, 258563
List the prime factors of 1582143094.
2, 7, 31, 401, 9091
What are the prime factors of 2752150989?
3, 7, 131054809
What are the prime factors of 5892124301?
7, 841732043
What are the prime factors of 245320985?
5, 7, 13, 539167
List the prime factors of 785147005.
5, 157029401
What are the prime factors of 1617559890?
2, 3, 5, 53918663
What are the prime factors of 45099441?
3, 79, 137, 463
What are the prime factors of 317167446?
2, 3, 52861241
What are the prime factors of 31002023?
13, 2384771
List the prime factors of 5400880754.
2, 43, 3697, 16987
List the prime factors of 897342492.
2, 3, 31, 113, 21347
List the prime factors of 184389272.
2, 47, 71, 6907
What are the prime factors of 369804959?
67, 5519477
What are the prime factors of 1497899306?
2, 47, 139, 114641
What are the prime factors of 53473807?
131, 408197
What are the prime factors of 228650850?
2, 3, 5, 17, 41
List the prime factors of 22122074.
2, 13, 850849
What are the prime factors of 47261870?
2, 5, 17, 173, 1607
What are the prime factors of 992632?
2, 127, 977
List the prime factors of 48245948.
2, 449, 26863
What are the prime factors of 2396346505?
5, 7, 53, 1291831
List the prime factors of 136973657.
136973657
List the prime factors of 6040124.
2, 43, 35117
List the prime factors of 28289961.
3, 7, 271, 1657
List the prime factors of 3711366720.
2, 3, 5, 73, 127, 139
What are the prime factors of 480592706?
2, 11, 1429, 15287
List the prime factors of 3662152048.
2, 439, 521377
List the prime factors of 9096044.
2, 2274011
List the prime factors of 429775180.
2, 5, 21488759
What are the prime factors of 1188247394?
2, 594123697
List the prime factors of 1467387227.
449, 1429, 2287
What are the prime factors of 224143350?
2, 3, 5, 1494289
List the prime factors of 545227385.
5, 109045477
What are the prime factors of 418302689?
7, 19, 3145133
List the prime factors of 5868940998.
2, 3, 978156833
What are the prime factors of 23580394?
2, 17, 79, 8779
What are the prime factors of 362472034?
2, 3847, 47111
List the prime factors of 895558002.
2, 3, 6287, 23741
What are the prime factors of 235534122?
2, 3, 23, 71, 2671
List the prime factors of 106319519.
41, 2593159
List the prime factors of 894816272.
2, 7, 7989431
What are the prime factors of 871260130?
2, 5, 13, 83, 80747
What are the prime factors of 51275?
5, 7, 293
List the prime factors of 144950957.
809, 179173
List the prime factors of 455987013.
3, 787, 193133
What are the prime factors of 206099989?
41, 43, 116903
What are the prime factors of 9488548?
2, 41, 47, 1231
What are the prime factors of 291389192?
2, 61, 367, 1627
What are the prime factors of 67909049?
13, 5223773
List the prime factors of 39651726.
2, 3, 6608621
What are the prime factors of 73131805?
5, 167, 87583
List the prime factors of 37610071.
29, 1296899
What are the prime factors of 18314048?
2, 67, 4271
What are the prime factors of 130599257?
139, 173, 5431
List the prime factors of 32268900.
2, 3, 5, 107563
List the prime factors of 3555993909.
3, 13, 91179331
What are the prime factors of 87761396?
2, 71, 309019
List the prime factors of 283571601.
3, 31, 3049157
List the prime factors of 1542096558.
2, 3, 2677, 32003
What are the prime factors of 36741636?
2, 3, 79, 12919
What are the prime factors of 20745150?
2, 3, 5, 19, 29, 251
What are the prime factors of 2725606371?
3, 17579, 51683
What are the prime factors of 121595171?
733, 165887
List the prime factors of 196920800.
2, 5, 246151
List the prime factors of 1196391582.
2, 3, 19, 199, 17579
What are the prime factors of 22752402?
2, 3, 647, 5861
What are the prime factors of 471238435?
5, 94247687
What are the prime factors of 25612928?
2, 11, 18191
What are the prime factors of 46829960?
2, 5, 157, 7457
List the prime factors of 7515856884.
2, 3, 626321407
List the prime factors of 43733202.
2, 3, 101, 72167
What are the prime factors of 1292055038?
2, 23, 29, 968557
What are the prime factors of 1699497233?
7, 34683617
List the prime factors of 55618231.
109, 617, 827
List the prime factors of 64744168.
2, 241, 33581
List the prime factors of 18662200.
2, 5, 23, 4057
List the prime factors of 364900813.
53, 157, 43853
What are the prime factors of 15573155?
5, 13, 239587
What are the prime factors of 627354380?
2, 5, 197, 159227
List the prime factors of 5204742308.
2, 12163, 106979
List the prime factors of 2740513477.
13, 281, 750209
What are the prime factors of 2404162859?
7, 4723, 72719
List the prime factors of 126120677.
43, 139, 21101
List the prime factors of 167297315.
5, 33459463
List the prime factors of 16790376.
2, 3, 19, 36821
List the prime factors of 213827722.
2, 47, 2274763
List the prime factors of 422347961.
7, 60335423
List the prime factors of 39314624.
2, 614291
List the prime factors of 4284906060.
2, 3, 5, 661, 108041
List the prime factors of 67892.
2, 11, 1543
What are the prime factors of 153212238?
2, 3, 19, 283, 1583
What are the prime factors of 43933351?
7, 11, 81509
What are the prime factors of 17201089?
29, 593141
List the prime factors of 31237978.
2, 61, 256049
List the prime factors of 531797400.
2, 3, 5, 17, 1931
What are the prime factors of 1057180615?
5, 17, 19, 654601
List the prime factors of 45980112.
2, 3, 853, 1123
What are the prime factors of 31078960?
2, 5, 11, 35317
What are the prime factors of 305049223?
47, 6490409
List the prime factors of 503223700.
2, 5, 7, 383, 1877
List the prime factors of 901498467.
3, 67, 79, 56773
List the prime factors of 2684645505.
3, 5, 19886263
What are the prime factors of 1102951411?
101, 10920311
What are the prime factors of 549026486?
2, 274513243
What are the prime factors of 3795071370?
2, 3, 5, 29, 349, 431
What are the prime factors of 150614279?
41, 3673519
What are the prime factors of 67686921?
3, 92849
What are the prime factors of 177526732?
2, 223, 199021
List the prime factors of 286707013.
286707013
What are the prime factors of 343212638?
2, 313, 548263
List the prime factors of 21826316.
2, 5456579
List the prime factors of 13350020.
2, 5, 667501
List the prime factors of 1270358392.
2, 19, 8357621
What are the prime factors of 390957468?
2, 3, 11, 29, 41, 47, 53
What are the prime factors of 126080724?
2, 3, 7, 11, 101, 193
List the prime factors of 619589090.
2, 5, 59, 1050151
What are the prime factors of 47105259?
3, 997, 15749
What are the prime factors of 